239
List the prime factors of 6310.
2, 5, 631
List the prime factors of 12243.
3, 7, 11, 53
What are the prime factors of 1573?
11, 13
List the prime factors of 59759.
7, 8537
List the prime factors of 13372.
2, 3343
List the prime factors of 1658.
2, 829
List the prime factors of 4045.
5, 809
List the prime factors of 1169.
7, 167
List the prime factors of 1057.
7, 151
List the prime factors of 6252.
2, 3, 521
List the prime factors of 23742.
2, 3, 1319
List the prime factors of 2149.
7, 307
List the prime factors of 3399.
3, 11, 103
List the prime factors of 9471.
3, 7, 11, 41
List the prime factors of 24143.
7, 3449
What are the prime factors of 14959?
7, 2137
List the prime factors of 1433.
1433
List the prime factors of 35629.
11, 41, 79
List the prime factors of 281.
281
List the prime factors of 9524.
2, 2381
List the prime factors of 4809.
3, 7, 229
List the prime factors of 1177.
11, 107
List the prime factors of 2077.
31, 67
List the prime factors of 94073.
7, 89, 151
What are the prime factors of 8688?
2, 3, 181
What are the prime factors of 6372?
2, 3, 59
What are the prime factors of 11415?
3, 5, 761
List the prime factors of 33838.
2, 7, 2417
What are the prime factors of 2092?
2, 523
List the prime factors of 1596.
2, 3, 7, 19
What are the prime factors of 5106?
2, 3, 23, 37
List the prime factors of 60340.
2, 5, 7, 431
List the prime factors of 624.
2, 3, 13
What are the prime factors of 433?
433
List the prime factors of 14916.
2, 3, 11, 113
List the prime factors of 1232.
2, 7, 11
What are the prime factors of 27244?
2, 7, 139
List the prime factors of 596.
2, 149
List the prime factors of 18375.
3, 5, 7
What are the prime factors of 15890?
2, 5, 7, 227
List the prime factors of 1152.
2, 3
What are the prime factors of 16400?
2, 5, 41
What are the prime factors of 41174?
2, 7, 17, 173
List the prime factors of 32111.
163, 197
What are the prime factors of 40519?
40519
What are the prime factors of 15747?
3, 29, 181
List the prime factors of 21599.
21599
List the prime factors of 3643.
3643
List the prime factors of 1351.
7, 193
What are the prime factors of 42756?
2, 3, 7, 509
List the prime factors of 384.
2, 3
List the prime factors of 3427.
23, 149
List the prime factors of 853.
853
What are the prime factors of 27131?
13, 2087
What are the prime factors of 15079?
17, 887
What are the prime factors of 4815?
3, 5, 107
List the prime factors of 37258.
2, 13, 1433
What are the prime factors of 867?
3, 17
What are the prime factors of 51122?
2, 25561
What are the prime factors of 571?
571
List the prime factors of 692.
2, 173
What are the prime factors of 7385?
5, 7, 211
What are the prime factors of 65975?
5, 7, 13, 29
List the prime factors of 30890.
2, 5, 3089
What are the prime factors of 6615?
3, 5, 7
List the prime factors of 40620.
2, 3, 5, 677
List the prime factors of 519.
3, 173
What are the prime factors of 24888?
2, 3, 17, 61
What are the prime factors of 2292?
2, 3, 191
What are the prime factors of 31178?
2, 7, 17, 131
What are the prime factors of 34722?
2, 3, 643
List the prime factors of 2462.
2, 1231
List the prime factors of 925.
5, 37
List the prime factors of 112253.
112253
List the prime factors of 3321.
3, 41
List the prime factors of 29767.
17, 103
What are the prime factors of 21311?
101, 211
List the prime factors of 358.
2, 179
List the prime factors of 1304.
2, 163
List the prime factors of 446.
2, 223
What are the prime factors of 6028?
2, 11, 137
List the prime factors of 11687.
13, 29, 31
List the prime factors of 18870.
2, 3, 5, 17, 37
List the prime factors of 4744.
2, 593
What are the prime factors of 620?
2, 5, 31
What are the prime factors of 450?
2, 3, 5
What are the prime factors of 441?
3, 7
What are the prime factors of 5458?
2, 2729
List the prime factors of 1318.
2, 659
What are the prime factors of 108?
2, 3
List the prime factors of 17551.
17551
What are the prime factors of 3552?
2, 3, 37
List the prime factors of 1420.
2, 5, 71
What are the prime factors of 64980?
2, 3, 5, 19
What are the prime factors of 1444?
2, 19
List the prime factors of 1574.
2, 787
List the prime factors of 4135.
5, 827
List the prime factors of 7073.
11, 643
What are the prime factors of 606?
2, 3, 101
What are the prime factors of 75525?
3, 5, 19, 53
What are the prime factors of 4256?
2, 7, 19
List the prime factors of 95390.
2, 5, 9539
List the prime factors of 1893.
3, 631
List the prime factors of 2295.
3, 5, 17
What are the prime factors of 12184?
2, 1523
List the prime factors of 60640.
2, 5, 379
What are the prime factors of 13114?
2, 79, 83
List the prime factors of 170.
2, 5, 17
What are the prime factors of 2070?
2, 3, 5, 23
What are the prime factors of 36982?
2, 11, 41
List the prime factors of 726.
2, 3, 11
What are the prime factors of 1546?
2, 773
List the prime factors of 594.
2, 3, 11
What are the prime factors of 931?
7, 19
What are the prime factors of 1168?
2, 73
List the prime factors of 3011.
3011
What are the prime factors of 177?
3, 59
List the prime factors of 216.
2, 3
List the prime factors of 925.
5, 37
What are the prime factors of 69350?
2, 5, 19, 73
List the prime factors of 382.
2, 191
List the prime factors of 21840.
2, 3, 5, 7, 13
List the prime factors of 754.
2, 13, 29
What are the prime factors of 6639?
3, 2213
List the prime factors of 24734.
2, 83, 149
What are the prime factors of 22405?
5, 4481
What are the prime factors of 373?
373
List the prime factors of 48.
2, 3
What are the prime factors of 52158?
2, 3, 8693
What are the prime factors of 75343?
59, 1277
What are the prime factors of 11317?
11317
List the prime factors of 622.
2, 311
What are the prime factors of 6317?
6317
List the prime factors of 71661.
3, 23887
List the prime factors of 6143.
6143
List the prime factors of 963.
3, 107
List the prime factors of 2982.
2, 3, 7, 71
What are the prime factors of 806?
2, 13, 31
What are the prime factors of 284?
2, 71
What are the prime factors of 272?
2, 17
List the prime factors of 825.
3, 5, 11
List the prime factors of 3016.
2, 13, 29
What are the prime factors of 12635?
5, 7, 19
List the prime factors of 5430.
2, 3, 5, 181
What are the prime factors of 31802?
2, 15901
What are the prime factors of 1918?
2, 7, 137
What are the prime factors of 31508?
2, 7877
What are the prime factors of 681?
3, 227
What are the prime factors of 46632?
2, 3, 29, 67
What are the prime factors of 312?
2, 3, 13
What are the prime factors of 77934?
2, 3, 31, 419
What are the prime factors of 19?
19
What are the prime factors of 3193?
31, 103
What are the prime factors of 13171?
13171
List the prime factors of 656.
2, 41
What are the prime factors of 1164?
2, 3, 97
List the prime factors of 905.
5, 181
What are the prime factors of 692?
2, 173
What are the prime factors of 22142?
2, 11071
List the prime factors of 12658.
2, 6329
List the prime factors of 54343.
31, 1753
List the prime factors of 2396.
2, 599
What are the prime factors of 3866?
2, 1933
What are the prime factors of 1557?
3, 173
What are the prime factors of 52239?
3, 11, 1583
List the prime factors of 214.
2, 107
What are the prime factors of 43120?
2, 5, 7, 11
What are the prime factors of 298?
2, 149
What are the prime factors of 1928?
2, 241
What are the prime factors of 6872?
2, 859
List the prime factors of 14495.
5, 13, 223
List the prime factors of 1005.
3, 5, 67
List the prime factors of 509.
509
What are the prime factors of 3411?
3, 379
What are the prime factors of 19523?
7, 2789
List the prime factors of 29948.
2, 7487
What are the prime factors of 156422?
2, 7, 11173
What are the prime factors of 4642?
2, 11, 211
What are the prime factors of 5945?
5, 29, 41
List the prime factors of 124588.
2, 31147
List the prime factors of 38570.
2, 5, 7, 19, 29
List the prime factors of 7830.
2, 3, 5, 29
What are the prime factors of 6100?
2, 5, 61
What are the prime factors of 1129?
1129
What are the prime factors of 9511?
9511
What are the prime factors of 1095?
3, 5, 73
What are the prime factors of 4848?
2, 3, 101
List the prime factors of 1925.
5, 7, 11
What are the prime factors of 16314?
2, 3, 2719
List the prime factors of 29384.
2, 3673
What are the prime factors of 1660?
2, 5, 83
What are the prime f